{"id":1257,"date":"2019-03-11T23:15:38","date_gmt":"2019-03-11T23:15:38","guid":{"rendered":"https:\/\/test.prosys-bau.com\/test\/?page_id=1257"},"modified":"2019-03-18T22:30:54","modified_gmt":"2019-03-18T22:30:54","slug":"ro-gorazde-2","status":"publish","type":"page","link":"https:\/\/www.merhamet.ba\/old\/ro-gorazde-2\/","title":{"rendered":"RO Gora\u017ede"},"content":{"rendered":"\t\t<div data-elementor-type=\"wp-post\" data-elementor-id=\"1257\" class=\"elementor elementor-1257\">\n\t\t\t\t\t\t<section class=\"elementor-section elementor-top-section elementor-element elementor-element-254495a elementor-section-boxed elementor-section-height-default elementor-section-height-default\" data-id=\"254495a\" data-element_type=\"section\" data-e-type=\"section\">\n\t\t\t\t\t\t<div class=\"elementor-container elementor-column-gap-default\">\n\t\t\t\t\t<div class=\"elementor-column elementor-col-33 elementor-top-column elementor-element elementor-element-dfd141f\" data-id=\"dfd141f\" data-element_type=\"column\" data-e-type=\"column\">\n\t\t\t<div class=\"elementor-widget-wrap elementor-element-populated\">\n\t\t\t\t\t\t<div class=\"elementor-element elementor-element-6b7b231 elementor-widget elementor-widget-text-editor\" data-id=\"6b7b231\" data-element_type=\"widget\" data-e-type=\"widget\" data-widget_type=\"text-editor.default\">\n\t\t\t\t<div class=\"elementor-widget-container\">\n\t\t\t\t\t\t\t\t\t<div class=\"entry-content clearfix\"><h6><strong>REGIONALNI ODBOR GORA\u017dDE<\/strong><\/h6><p>V.D. direktor: Ermin Hod\u017ei\u0107<\/p><p>Adresa: 43.Drinska brigada 20e<\/p><p>Tel\/fax: 038\/220-389<\/p><p>E-mail: merhametgz@bih.net.ba<\/p><p>ID broj: 4200584981150<\/p><p>Transakcijski ra\u010dun:<br \/>1325002002482261<br \/>NLB Tuzlanska banka<\/p><\/div>\t\t\t\t\t\t\t\t<\/div>\n\t\t\t\t<\/div>\n\t\t\t\t\t<\/div>\n\t\t<\/div>\n\t\t\t\t<div class=\"elementor-column elementor-col-66 elementor-top-column elementor-element elementor-element-fb1df48\" data-id=\"fb1df48\" data-element_type=\"column\" data-e-type=\"column\">\n\t\t\t<div class=\"elementor-widget-wrap elementor-element-populated\">\n\t\t\t\t\t\t<div class=\"elementor-element elementor-element-97acc9c elementor-widget elementor-widget-google_maps\" data-id=\"97acc9c\" data-element_type=\"widget\" data-e-type=\"widget\" data-widget_type=\"google_maps.default\">\n\t\t\t\t<div class=\"elementor-widget-container\">\n\t\t\t\t\t\t\t<div class=\"elementor-custom-embed\">\n\t\t\t<iframe loading=\"lazy\"\n\t\t\t\t\tsrc=\"https:\/\/maps.google.com\/maps?q=43.Drinska%20brigada%2020e&#038;t=m&#038;z=10&#038;output=embed&#038;iwloc=near\"\n\t\t\t\t\ttitle=\"43.Drinska brigada 20e\"\n\t\t\t\t\taria-label=\"43.Drinska brigada 20e\"\n\t\t\t><\/iframe>\n\t\t<\/div>\n\t\t\t\t\t\t<\/div>\n\t\t\t\t<\/div>\n\t\t\t\t\t<\/div>\n\t\t<\/div>\n\t\t\t\t\t<\/div>\n\t\t<\/section>\n\t\t\t\t<section class=\"elementor-section elementor-top-section elementor-element elementor-element-35ac3ae elementor-section-boxed elementor-section-height-default elementor-section-height-default\" data-id=\"35ac3ae\" data-element_type=\"section\" data-e-type=\"section\">\n\t\t\t\t\t\t<div class=\"elementor-container elementor-column-gap-default\">\n\t\t\t\t\t<div class=\"elementor-column elementor-col-33 elementor-top-column elementor-element elementor-element-b11dc6b\" data-id=\"b11dc6b\" data-element_type=\"column\" data-e-type=\"column\">\n\t\t\t<div class=\"elementor-widget-wrap elementor-element-populated\">\n\t\t\t\t\t\t<div class=\"elementor-element elementor-element-69f0dcf elementor-widget elementor-widget-text-editor\" data-id=\"69f0dcf\" data-element_type=\"widget\" data-e-type=\"widget\" data-widget_type=\"text-editor.default\">\n\t\t\t\t<div class=\"elementor-widget-container\">\n\t\t\t\t\t\t\t\t\t<h6><strong>Osnovni odbor Vi\u0161egrad<\/strong><\/h6><p>Povjerenik: Edin Karaman\u00a0<\/p><p>Adresa: Okrugla b.b<\/p><p>Tel: 065-441-951<\/p><p>E-mail:<br \/>merhametvgd@gmail.com<\/p>\t\t\t\t\t\t\t\t<\/div>\n\t\t\t\t<\/div>\n\t\t\t\t\t<\/div>\n\t\t<\/div>\n\t\t\t\t<div class=\"elementor-column elementor-col-33 elementor-top-column elementor-element elementor-element-f5f8ffa\" data-id=\"f5f8ffa\" data-element_type=\"column\" data-e-type=\"column\">\n\t\t\t<div class=\"elementor-widget-wrap elementor-element-populated\">\n\t\t\t\t\t\t<div class=\"elementor-element elementor-element-b181fcc elementor-widget elementor-widget-text-editor\" data-id=\"b181fcc\" data-element_type=\"widget\" data-e-type=\"widget\" data-widget_type=\"text-editor.default\">\n\t\t\t\t<div class=\"elementor-widget-container\">\n\t\t\t\t\t\t\t\t\t<h6><strong>Osnovni odbor Ustikolina<\/strong><\/h6><p>Povjerenik: Samir D\u017eemi\u0111i\u0107\u00a0<\/p><p>Adresa: Huseina \u010cavrka bb<\/p><p>Tel: 061-903-562<\/p><p>E-mail:\u00a0<\/p>\t\t\t\t\t\t\t\t<\/div>\n\t\t\t\t<\/div>\n\t\t\t\t\t<\/div>\n\t\t<\/div>\n\t\t\t\t<div class=\"elementor-column elementor-col-33 elementor-top-column elementor-element elementor-element-025b0d8\" data-id=\"025b0d8\" data-element_type=\"column\" data-e-type=\"column\">\n\t\t\t<div class=\"elementor-widget-wrap elementor-element-populated\">\n\t\t\t\t\t\t<div class=\"elementor-element elementor-element-cea0f13 elementor-widget elementor-widget-text-editor\" data-id=\"cea0f13\" data-element_type=\"widget\" data-e-type=\"widget\" data-widget_type=\"text-editor.default\">\n\t\t\t\t<div class=\"elementor-widget-container\">\n\t\t\t\t\t\t\t\t\t<h6><strong>Osnovni odbor Pale-Pra\u010da (FBiH)<\/strong><\/h6><p>Povjerenik: Sulejmen Omerovi\u0107<\/p><p>Adresa: Himze Sablje br.33<\/p><p>Tel: 061-534-469<\/p><p>ID broj: 4200584981176<\/p><p>Transakcijski ra\u010dun:<br \/>1322602018871889<\/p>\t\t\t\t\t\t\t\t<\/div>\n\t\t\t\t<\/div>\n\t\t\t\t\t<\/div>\n\t\t<\/div>\n\t\t\t\t\t<\/div>\n\t\t<\/section>\n\t\t\t\t<\/div>\n\t\t","protected":false},"excerpt":{"rendered":"<p>REGIONALNI ODBOR GORA\u017dDE V.D. direktor: Ermin Hod\u017ei\u0107 Adresa: 43.Drinska brigada 20e Tel\/fax: 038\/220-389 E-mail: merhametgz@bih.net.ba ID broj: 4200584981150 Transakcijski ra\u010dun:1325002002482261NLB<\/p>\n","protected":false},"author":5,"featured_media":0,"parent":0,"menu_order":0,"comment_status":"closed","ping_status":"closed","template":"","meta":{"colormag_page_container_layout":"default_layout","colormag_page_sidebar_layout":"default_layout","nf_dc_page":"","footnotes":""},"class_list":["post-1257","page","type-page","status-publish","hentry"],"aioseo_notices":[],"_links":{"self":[{"href":"https:\/\/www.merhamet.ba\/old\/wp-json\/wp\/v2\/pages\/1257","targetHints":{"allow":["GET"]}}],"collection":[{"href":"https:\/\/www.merhamet.ba\/old\/wp-json\/wp\/v2\/pages"}],"about":[{"href":"https:\/\/www.merhamet.ba\/old\/wp-json\/wp\/v2\/types\/page"}],"author":[{"embeddable":true,"href":"https:\/\/www.merhamet.ba\/old\/wp-json\/wp\/v2\/users\/5"}],"replies":[{"embeddable":true,"href":"https:\/\/www.merhamet.ba\/old\/wp-json\/wp\/v2\/comments?post=1257"}],"version-history":[{"count":4,"href":"https:\/\/www.merhamet.ba\/old\/wp-json\/wp\/v2\/pages\/1257\/revisions"}],"predecessor-version":[{"id":1361,"href":"https:\/\/www.merhamet.ba\/old\/wp-json\/wp\/v2\/pages\/1257\/revisions\/1361"}],"wp:attachment":[{"href":"https:\/\/www.merhamet.ba\/old\/wp-json\/wp\/v2\/media?parent=1257"}],"curies":[{"name":"wp","href":"https:\/\/api.w.org\/{rel}","templated":true}]}}